+ v - 0*v - 559, 2*v + 550 = 2*j. Does 48 divide j?
False
Let u be (-1)/(-7) - (-297)/77. Is 29 a factor of (222/4)/(2/u)?
False
Let x = 343 - 120. Is 30 a factor of x?
False
Suppose -l + 6 = 2. Suppose -l*b + 136 - 32 = 0. Does 13 divide b?
True
Suppose 4*s + 22 = b - 0*b, 4*b + 2 = -2*s. Suppose -b*u = -u - 48. Is u a multiple of 10?
False
Suppose -4*a + 21 = x + 4*x, -5*a + 4*x = -16. Suppose -1 - 3 = -a*n, 5*n = -5*h + 65. Suppose h + 18 = 3*t. Is 10 a factor of t?
True
Let t be -3*((-68)/(-12) + -1). Let x = 14 - t. Is x a multiple of 7?
True
Suppose 2*x - 532 = -4*r + 5*x, 4*r - 524 = 5*x. Does 16 divide r?
False
Let f = 75 - 35. Let g = f + -23. Is 17 a factor of g?
True
Let s = 4 - 2. Suppose 8 + 0 = -s*i. Is (-1 + 13)*(-10)/i a multiple of 12?
False
Suppose 3*x + 4*m + 100 = 7*x, 0 = -3*m. Suppose 2*g = -x + 105. Is 20 a factor of g?
True
Suppose 0 = -d - m + 161, d + 2*m + 25 = 182. Let t = d - 117. Is 16 a factor of t?
True
Suppose 4*q = 18 + 2. Suppose -q*j + 123 = -2*j. Is j a multiple of 11?
False
Suppose -6*a = -5*a - 33. Is 18 a factor of a?
False
Suppose 114 - 6 = 3*b. Does 9 divide b?
True
Let q be (9/(-15))/(1/(-5)). Suppose c = -q*c + 20. Suppose 4*a = 2*o + 48, -c*o + 10 = 4*a - a. Is 5 a factor of a?
True
Is (-2)/3 - (-7)/(126/2496) a multiple of 22?
False
Let c(m) = 3*m - 3. Let y(z) = -z**2 - 6*z - 1. Suppose -3*q - 4 = -2*q. Let f be y(q). Is 9 a factor of c(f)?
True
Let g(m) be the first derivative of -m**5/20 - m**4/4 - m**3/6 + 2*m**2 + 2*m - 1. Let h(i) be the first derivative of g(i). Does 12 divide h(-4)?
True
Suppose -78 = -0*a - 3*a. Suppose -2 + a = 2*j. Does 8 divide j?
False
Suppose -4*z - 3*q - 299 = 0, -2*z = z - 2*q + 237. Is (-5915)/z + 2/11 a multiple of 25?
False
Is 2/(-7) + 2148/21 a multiple of 11?
False
Let q(t) = 1 - 2*t - 8 - 3*t**2 + 5*t**2. Is q(5) a multiple of 14?
False
Let w = 12 - 8. Suppose 4*l - 2*s + 12 = 140, 116 = 4*l + w*s. Is 17 a factor of l?
False
Let a = -3 + 1. Let q be (-5 + a + 2)/(-1). Suppose q*f - 104 - 106 = 0. Is 21 a factor of f?
True
Let f(d) = d**3 - 5*d**2 + 5*d - 4. Let h be f(4). Suppose 4*g + 12 = 2*v, h = 5*v - 2*g + 7 - 37. Is 2 a factor of v?
True
Let m(l) = -9*l**2 - 7*l - 5. Let k be m(-5). Does 21 divide (1/3)/(-1)*k?
False
Suppose -9*h + 11*h - 92 = 0. Is 23 a factor of h?
True
Let t = 1 - 3. Let d be t + ((-18)/(-3))/1. Let u = 28 - d. Is u a multiple of 12?
True
Is 6 a factor of (-3 - (-27)/12)*6*-4?
True
Is ((-8)/10)/(11/(-990)) a multiple of 12?
True
Let h(t) = -2*t**3 - t**2 - t. Let c be h(-1). Suppose 3*p - 35 - 60 = -x, c*p - 59 = -5*x. Does 12 divide p?
False
Let i(j) = -9*j - 8. Is 9 a factor of i(-27)?
False
Let y(q) = q**2 + 6*q + 4. Is y(-6) a multiple of 4?
True
Let k = 1143 - 711. Does 21 divide (-2)/(-7) + k/7?
False
Suppose -o + 7 = 2*g, 3*g - g + 3 = o. Let x = o - -5. Is 9 a factor of x?
False
Let z(r) = -4*r - 3. Let c be 2/12 + 76/(-24). Is 5 a factor of z(c)?
False
Suppose -4*p = -4, 2*f - 27 = 5*p - 2*p. Suppose -4*k + f = -5. Suppose 5*q = 30 - k. Is q even?
False
Let v = -201 - -289. Is 11 a factor of v?
True
Let a(w) = w**2 - 3*w - 5. Let f = 10 + -4. Does 6 divide a(f)?
False
Let z be (-1)/(-3)*0 - -27. Suppose 61 = 2*c - z. Is 16 a factor of c?
False
Suppose -3*x - 20 = -2*r - 0*r, 0 = 4*r + 2*x - 8. Let h = r + -4. Suppose j - 3*z - 15 = h, -4*j + 92 = -0*j + 4*z. Is j a multiple of 18?
False
Let g(i) = -i**2 + 16*i - 4. Does 12 divide g(9)?
False
Suppose 0 = -10*l + 5*l + 20, -4*a = 2*l - 156. Suppose a + 248 = 5*n. Is n a multiple of 29?
False
Let u be 3 + -15 + 0 + 0. Let k = -2 + u. Does 10 divide (-396)/k + (-2)/7?
False
Let s be 1 + 3/(-4 + 1). Suppose -p + 20 - 5 = s. Does 2 divide -1*1/((-3)/p)?
False
Suppose -u = 2*a - 132, 2*a - a - 73 = -4*u. Is 13 a factor of a?
True
Suppose -2*l + 15 = -5*s - 6, -3*l - 2*s + 3 = 0. Let d be (15/l - 2)*-1. Is 12 a factor of (-73)/d - 2/6?
True
Let q(i) = -i**3 + 7*i**2 - 7*i + 6. Let r(f) = 5*f**2 - f - 1. Let h be r(-1). Is 13 a factor of q(h)?
False
Suppose 4*w + o = -32, -4*o + 65 = -5*w + o. Is 3 a factor of (w*(-1)/(-1))/(-1)?
True
Let j(k) be the third derivative of k**4/8 + 2*k**2. Let u be j(2). Suppose 4*q - 4*c - 84 = 0, 2*c + 36 = q + u*c. Is 15 a factor of q?
False
Let h = 2 - -1. Let v(d) = d**2 - d - 3. Let f be v(h). Suppose -q = f*q - 36. Does 7 divide q?
False
Let j(z) = -6*z - 12. Suppose -5 = u + 5. Is j(u) a multiple of 22?
False
Suppose -3*q - 5*o + 9 = 0, -2*q - o + 9 = q. Suppose q*i + 3*y = 132, 0 = -4*i + i + 3*y + 162. Does 28 divide i?
False
Suppose -2*d + d - 5*h + 9 = 0, -5*d - 4*h = -24. Suppose -4*o = -m - 65, 0 = -d*o - 4*m + m + 77. Is 13 a factor of o?
False
Let i(o) = o**3 - 8*o**2 + 3. Let q be i(8). Suppose -b - 5*p + 40 = -0*p, 0 = -q*b - 4*p + 87. Is 20 a factor of b?
False
Suppose -2*k = 4*t - 226, 2*k - 282 = -5*t - 0*t. Suppose 0 = 3*h - 7*h + t. Is 7 a factor of h?
True
Let c(m) = -2*m**3 - 15*m**2 + 12*m - 9. Is 18 a factor of c(-9)?
True
Is 16 a factor of ((-116)/(-8))/((-15)/(-6) + -2)?
False
Let o(i) = 2*i**2 - 5*i - 10. Is 23 a factor of o(-4)?
False
Let x = -2 + 1. Is 7 + -1*x/1 a multiple of 4?
True
Let o = -38 + 26. Let d be (o/10)/(3/30). Is (-4)/(-6) + (-52)/d a multiple of 2?
False
Suppose 4*g - 4*d - 52 = 0, -43 + 1 = -4*g + 2*d. Let c be (0 - -3) + (g - 2). Suppose 4*l = c*l - 40. Is l a multiple of 8?
True
Suppose -2 = 3*h - 17. Let n = -200 - -323. Suppose -h*c + 32 = -n. Does 13 divide c?
False
Let t be 2/(-4)*(-3 + 75). Let a = 0 - t. Suppose 2*j - 4*w - 110 = -a, 4*j + 3*w - 203 = 0. Does 17 divide j?
False
Let t be ((-6)/(-3) - 2) + 100. Suppose 3*x + 40 = t. Is 10 a factor of x?
True
Is (0 + 2 + -1)*11 even?
False
Let w be (2 - -11) + -1*2. Suppose -w - 1 = -h. Does 3 divide -5*(-2 - h/(-15))?
True
Let w be 6/(-21) + 80/(-14). Let q = 7 - 10. Is 10 a factor of q/w - 122/(-4)?
False
Is 7584/84 - (-1)/(7/(-2)) a multiple of 30?
True
Let l be 2/(-5) + 511/(-35). Let u = 27 + l. Does 7 divide u?
False
Suppose 0*g + 165 = -5*g. Is 13 a factor of (26/6)/((-11)/g)?
True
Let d be (-8)/(-20) + (-23)/(-5). Suppose 6*n - 12 = d*n. Is 6 a factor of n?
True
Let q(u) = -u**3 + 4*u**2 + 4*u + 7. Let c be q(5). Let l(k) = -k**2 + 3*k**2 + 25*k**3 - 3*k**c + k. Does 19 divide l(1)?
False
Suppose -2 = -0*i + i, 0 = -2*d - 4*i. Is d/(-6) - 70/(-6) a multiple of 4?
False
Suppose -16 = -s - s. Is (15/4)/(3/s) a multiple of 10?
True
Let v = -3 + 1. Is 12 a factor of 171/6 - v/4?
False
Let a = -4 - -10. Suppose 2*l + l = -a. Does 16 divide (l/(-3))/(1/48)?
True
Suppose 4*l - m = 151, 2*m = -m + 15. Suppose -2*z - 3*w = -2*w - l, -3*z + 3*w = -54. Does 19 divide z?
True
Suppose -2*m = -3*t - 40, -3*t - 4*m - 25 = -3*m. Let b(z) = -z**2 - 14*z + 8. Does 18 divide b(t)?
False
Let i be 1 + 2 + -2 + 1. Let v(w) = -8*w**3 + w - 1. Let p be v(i). Let r = p - -107. Is r a multiple of 15?
False
Suppose 6*f - 188 = 2*f. Let n = f + -33. Does 9 divide n?
False
Let o(g) = -g - 1. Let f(p) = -14*p - 15. Let c(z) = -f(z) + 5*o(z). Is c(7) a multiple of 25?
False
Let q(n) = n**3 + 7*n**2 + 7*n - 1. Let v be q(-5). Let x = v - 11. Is x a multiple of 2?
False
Let c = 0 + 5. Suppose -3*d + c + 4 = 0. Is d a multiple of 3?
True
Suppose -2*h - 11 = 5*d - 2, -5*h = 3*d + 13. Suppose 12 = -4*z + 4*g, 0*z - 2*z - 5*g = 6. Is 9 a factor of d/z - (-53)/3?
True
Suppose -3*z + 7*z - 28 = -2*m, 3*m = 5*z + 64. Does 18 divide m?
True
Let i be (-190)/(-4) - 1/(-2). Suppose -13*u + 11*u = -i. Does 8 divide u?
True
Let j be (6/(-8))/((-1)/12). Let o(l) = -l**3 + 9*l**2 + 4*l - 13. Let p be o(j). Let y = p - 6. Does 7 divide y?
False
Suppose -2*m + 15 = 5*s - 16, 5*s + 41 = 2*m. Does 5 divide m?
False
Let z be 12/9*6/4. Let j(i) = 4*i**2 + i - 2. Let r be j(z). Let l = -8 + r. Does 8 divide l?
True
Let i = 129 - 96. Does 7 divide i?
False
Let a be 1/(-5) - (-3005)/25. Suppose -u + 24 + 0 = -3*o, 0 = 5*u + 5*o - a. Is u a multiple of 12?
True
Let g = 274 + -189. Suppose -g = -5*t - 5. Is t a multiple of 12?
False
Let f(g) = g**3 - 5*g**2 + 6*g - 7. Let x be f(7). Suppose 3*a - x = -5*p, 0 = 3*a + 4*p - 80 - 57. Is 17 a factor of a?
True
Let g = -6 + 8. Let x(m) = -m**3 + 2 + 3*m**3 - 2*m + 1 - 3*m**3 + 6*m**g. Does 7 divide x(5)?
False
Suppose 3*y + 2*w = 174, 3*y + 5*w - 21 